{"id":927,"date":"2022-11-28T13:58:39","date_gmt":"2022-11-28T13:58:39","guid":{"rendered":"https:\/\/wellingborough.org\/site\/?page_id=927"},"modified":"2022-11-28T14:07:36","modified_gmt":"2022-11-28T14:07:36","slug":"victoria-centre","status":"publish","type":"page","link":"https:\/\/wellingborough.org\/site\/warm\/victoria-centre\/","title":{"rendered":"Victoria Centre"},"content":{"rendered":"\n<p><em>Sponsored by North Northamptonshire Council.<\/em><\/p>\n\n\n\n<p>The Victoria Centre Warm Room takes place on Tuesdays 10-4. They have talented cooks, FREE HOT FOOD, good company and entertainment.\u00a0 There is clothing available to take away.\u00a0 They have FREE Wi-Fi and will be on hand to hear from you what would help to make life, and this winter, better for you!<\/p>\n\n\n\n<p>Children welcome with parents or legal guardian. Find them at 46-50 Palk Road, Wellingborough NN8 1HR\u00a0or call 01933 277400.<\/p>\n\n\n\n<figure class=\"wp-block-image size-large\"><img loading=\"lazy\" decoding=\"async\" width=\"1024\" height=\"685\" src=\"https:\/\/wellingborough.org\/site\/wp-content\/uploads\/2022\/11\/Victoria-Centre-1024x685.jpg\" alt=\"\" class=\"wp-image-928\" srcset=\"https:\/\/wellingborough.org\/site\/wp-content\/uploads\/2022\/11\/Victoria-Centre-1024x685.jpg 1024w, https:\/\/wellingborough.org\/site\/wp-content\/uploads\/2022\/11\/Victoria-Centre-300x201.jpg 300w, https:\/\/wellingborough.org\/site\/wp-content\/uploads\/2022\/11\/Victoria-Centre-768x514.jpg 768w, https:\/\/wellingborough.org\/site\/wp-content\/uploads\/2022\/11\/Victoria-Centre-1536x1028.jpg 1536w, https:\/\/wellingborough.org\/site\/wp-content\/uploads\/2022\/11\/Victoria-Centre-2048x1371.jpg 2048w, https:\/\/wellingborough.org\/site\/wp-content\/uploads\/2022\/11\/Victoria-Centre-720x482.jpg 720w\" sizes=\"auto, (max-width: 1024px) 100vw, 1024px\" \/><\/figure>\n\n\n\n<p>The Victoria Centre is a multicultural Community Centre and has provided the following translations:<\/p>\n\n\n\n<p>\u041d\u0430\u0433\u0430\u0434\u0430\u0454\u043c\u043e, \u0449\u043e \u0443 \u0432\u0456\u0432\u0442\u043e\u0440\u043e\u043a, 29 \u043b\u0438\u0441\u0442\u043e\u043f\u0430\u0434\u0430, \u0443 \u0412\u0456\u043a\u0442\u043e\u0440\u0456\u0457, \u0437\u043d\u043e\u0432\u0443 \u0454 \u0442\u0435\u043f\u043b\u0430 \u043a\u0456\u043c\u043d\u0430\u0442\u0430 \u0426\u0435\u043d\u0442\u0440\u0443 \u0412\u0456\u043a\u0442\u043e\u0440\u0456\u0457.<\/p>\n\n\n\n<p>\u0423 \u043d\u0430\u0441 \u0442\u0430\u043b\u0430\u043d\u043e\u0432\u0438\u0442\u0456 \u043a\u0443\u0445\u0430\u0440\u0456, \u0411\u0415\u0417\u041a\u041e\u0428\u0422\u041e\u0412\u041d\u0410 \u0413\u0410\u0420\u042f\u0427\u0410 \u0407\u0416\u0410, \u0445\u043e\u0440\u043e\u0448\u0430 \u043a\u043e\u043c\u043f\u0430\u043d\u0456\u044f \u0456 \u0440\u043e\u0437\u0432\u0430\u0433\u0438.&nbsp; \u0404 \u043e\u0434\u044f\u0433, \u044f\u043a\u0438\u0439 \u0449\u0435 \u043c\u043e\u0436\u043d\u0430 \u0437\u0430\u0431\u0440\u0430\u0442\u0438.&nbsp; \u0423 \u043d\u0430\u0441 \u0454 \u0411\u0415\u0417\u041a\u041e\u0428\u0422\u041e\u0412\u041d\u0418\u0419 Wi-Fi, \u0456 \u043c\u0438 \u0431\u0443\u0434\u0435\u043c\u043e \u043f\u043e\u0440\u0443\u0447, \u0449\u043e\u0431 \u043f\u043e\u0447\u0443\u0442\u0438 \u0432\u0456\u0434 \u0432\u0430\u0441, \u0449\u043e \u0434\u043e\u043f\u043e\u043c\u043e\u0433\u043b\u043e \u0431 \u0437\u0440\u043e\u0431\u0438\u0442\u0438 \u0436\u0438\u0442\u0442\u044f \u2013 \u0456 \u0446\u0456\u0454\u0457 \u0437\u0438\u043c\u0438 \u2013 \u043a\u0440\u0430\u0449\u0438\u043c \u0434\u043b\u044f \u0432\u0430\u0441!<\/p>\n\n\n\n<p>\u0421\u043f\u043e\u0434\u0456\u0432\u0430\u044e\u0441\u044f, \u0432\u0438 \u0437\u043c\u043e\u0436\u0435\u0442\u0435 \u0446\u0435 \u0437\u0440\u043e\u0431\u0438\u0442\u0438.&nbsp; \u0427\u0438\u043c \u0431\u0456\u043b\u044c\u0448\u0435 \u0445\u0442\u043e \u043f\u0440\u0438\u0439\u0434\u0435, \u0442\u0438\u043c \u0432\u0435\u0441\u0435\u043b\u0456\u0448\u0435 \u043c\u0438 \u0431\u0443\u0434\u0435\u043c\u043e!<\/p>\n\n\n\n<p>\u0414\u0456\u0442\u0438 \u0432\u0456\u0442\u0430\u044e\u0442\u044c\u0441\u044f \u0437 \u0431\u0430\u0442\u044c\u043a\u0430\u043c\u0438 \u0430\u0431\u043e \u0437\u0430\u043a\u043e\u043d\u043d\u0438\u043c \u043e\u043f\u0456\u043a\u0443\u043d\u043e\u043c.<\/p>\n\n\n\n<p>Doar pentru a v\u0103 reaminti c\u0103 avem din nou Victoria Centre Warm Room, la Victoria Centre, mar\u021bi, 29 noiembrie.<\/p>\n\n\n\n<p>Avem buc\u0103tari talenta\u021bi, M\u00c2NCARE CALD\u0102 GRATUIT\u0102, companie bun\u0103 \u0219i divertisment.&nbsp; Exist\u0103 \u00eenc\u0103 haine disponibile pentru a lua departe.&nbsp; Avem Wi-Fi GRATUIT \u0219i vom fi la \u00eendem\u00e2n\u0103 pentru a auzi de la tine ce ar ajuta la a face via\u021ba &#8211; \u0219i \u00een aceast\u0103 iarn\u0103 &#8211; mai bun\u0103 pentru tine!<\/p>\n\n\n\n<p>Sper c\u0103 se poate face.&nbsp; Cu c\u00e2t vin mai mul\u021bi, cu at\u00e2t ne vom distra mai mult!<\/p>\n\n\n\n<p>Copiii sunt bineveni\u021bi cu p\u0103rin\u021bii sau tutorele legal.<\/p>\n\n\n\n<p>\u0906\u092a\u0915\u094b&nbsp;\u092f\u093e\u0926&nbsp;\u0926\u093f\u0932\u093e\u0928\u0947&nbsp;\u0915\u0947&nbsp;\u0932\u093f\u090f&nbsp;\u0915\u093f&nbsp;\u092e\u0902\u0917\u0932\u0935\u093e\u0930&nbsp;29&nbsp;\u0928\u0935\u0902\u092c\u0930&nbsp;\u0915\u094b&nbsp;\u0935\u093f\u0915\u094d\u091f\u094b\u0930\u093f\u092f\u093e&nbsp;\u0938\u0947\u0902\u091f\u0930&nbsp;\u092e\u0947\u0902&nbsp;\u092b\u093f\u0930&nbsp;\u0938\u0947&nbsp;\u0935\u093f\u0915\u094d\u091f\u094b\u0930\u093f\u092f\u093e&nbsp;\u0938\u0947\u0902\u091f\u0930&nbsp;\u0935\u093e\u0930\u094d\u092e&nbsp;\u0930\u0942\u092e&nbsp;\u0939\u0948\u0964<\/p>\n\n\n\n<p>\u0939\u092e\u093e\u0930\u0947&nbsp;\u092a\u093e\u0938&nbsp;\u092a\u094d\u0930\u0924\u093f\u092d\u093e\u0936\u093e\u0932\u0940&nbsp;\u0930\u0938\u094b\u0907\u092f\u0947,&nbsp;\u092e\u0941\u092b\u094d\u0924&nbsp;\u0917\u0930\u094d\u092e&nbsp;\u092d\u094b\u091c\u0928,&nbsp;\u0905\u091a\u094d\u091b\u0940&nbsp;\u0915\u0902\u092a\u0928\u0940&nbsp;\u0914\u0930&nbsp;\u092e\u0928\u094b\u0930\u0902\u091c\u0928&nbsp;\u0939\u0948\u0964&nbsp;&nbsp;\u0926\u0942\u0930&nbsp;\u0932\u0947&nbsp;\u091c\u093e\u0928\u0947&nbsp;\u0915\u0947&nbsp;\u0932\u093f\u090f&nbsp;\u0915\u092a\u0921\u093c\u0947&nbsp;\u0905\u092d\u0940&nbsp;\u092d\u0940&nbsp;\u0909\u092a\u0932\u092c\u094d\u0927&nbsp;\u0939\u0948\u0902\u0964&nbsp;&nbsp;\u0939\u092e\u093e\u0930\u0947&nbsp;\u092a\u093e\u0938&nbsp;\u092e\u0941\u092b\u094d\u0924&nbsp;\u0935\u093e\u0908-\u092b\u093e\u0908&nbsp;\u0939\u0948,&nbsp;\u0914\u0930&nbsp;\u0939\u092e&nbsp;\u0906\u092a\u0938\u0947&nbsp;\u0938\u0941\u0928\u0928\u0947&nbsp;\u0915\u0947&nbsp;\u0932\u093f\u090f&nbsp;\u0939\u093e\u0925&nbsp;\u092a\u0930&nbsp;\u0939\u094b\u0902\u0917\u0947&nbsp;\u0915\u093f&nbsp;\u091c\u0940\u0935\u0928&nbsp;\u0915\u094b&nbsp;\u092c\u0928\u093e\u0928\u0947&nbsp;\u092e\u0947\u0902&nbsp;\u0915\u094d\u092f\u093e&nbsp;\u092e\u0926\u0926&nbsp;\u092e\u093f\u0932\u0947\u0917\u0940&nbsp;&#8211;&nbsp;\u0914\u0930&nbsp;\u0907\u0938&nbsp;\u0938\u0930\u094d\u0926\u093f\u092f\u094b\u0902&nbsp;\u092e\u0947\u0902&nbsp;&#8211;&nbsp;\u0906\u092a\u0915\u0947&nbsp;\u0932\u093f\u090f&nbsp;\u092c\u0947\u0939\u0924\u0930!<\/p>\n\n\n\n<p>\u092e\u0941\u091d\u0947&nbsp;\u0906\u0936\u093e&nbsp;\u0939\u0948&nbsp;\u0915\u093f&nbsp;\u0906\u092a&nbsp;\u0907\u0938\u0947&nbsp;\u092c\u0928\u093e&nbsp;\u0938\u0915\u0924\u0947&nbsp;\u0939\u0948\u0902\u0964&nbsp;&nbsp;\u091c\u093f\u0924\u0928\u093e&nbsp;\u0905\u0927\u093f\u0915&nbsp;\u0906\u090f\u0917\u093e,&nbsp;\u0939\u092e\u0947\u0902&nbsp;\u0909\u0924\u0928\u093e&nbsp;\u0939\u0940&nbsp;\u092e\u091c\u093c\u093e&nbsp;\u0906\u090f\u0917\u093e!<\/p>\n\n\n\n<p>\u092c\u091a\u094d\u091a\u094b\u0902&nbsp;\u0915\u093e&nbsp;\u092e\u093e\u0924\u093e-\u092a\u093f\u0924\u093e&nbsp;\u092f\u093e&nbsp;\u0915\u093e\u0928\u0942\u0928\u0940&nbsp;\u0905\u092d\u093f\u092d\u093e\u0935\u0915&nbsp;\u0915\u0947&nbsp;\u0938\u093e\u0925&nbsp;\u0938\u094d\u0935\u093e\u0917\u0924&nbsp;\u0939\u0948\u0964<\/p>\n\n\n\n<p>\u09b6\u09c1\u09a7\u09c1&nbsp;\u0986\u09aa\u09a8\u09be\u0995\u09c7&nbsp;\u09ae\u09a8\u09c7&nbsp;\u0995\u09b0\u09bf\u09af\u09bc\u09c7&nbsp;\u09a6\u09c7\u0993\u09af\u09bc\u09be\u09b0&nbsp;\u099c\u09a8\u09cd\u09af&nbsp;\u09af\u09c7&nbsp;\u0986\u09ae\u09b0\u09be&nbsp;\u09ad\u09bf\u0995\u09cd\u099f\u09cb\u09b0\u09bf\u09af\u09bc\u09be&nbsp;\u09b8\u09c7\u09a8\u09cd\u099f\u09be\u09b0&nbsp;\u0993\u09af\u09bc\u09be\u09b0\u09cd\u09ae&nbsp;\u09b0\u09c1\u09ae&nbsp;\u0986\u09ac\u09be\u09b0&nbsp;\u0986\u099b\u09c7,&nbsp;\u09ad\u09bf\u0995\u09cd\u099f\u09cb\u09b0\u09bf\u09af\u09bc\u09be&nbsp;\u09b8\u09c7\u09a8\u09cd\u099f\u09be\u09b0\u09c7,&nbsp;\u09ae\u0999\u09cd\u0997\u09b2\u09ac\u09be\u09b0&nbsp;29th&nbsp;\u09a8\u09ad\u09c7\u09ae\u09cd\u09ac\u09b0\u0964<\/p>\n\n\n\n<p>\u0986\u09ae\u09b0\u09be&nbsp;\u09aa\u09cd\u09b0\u09a4\u09bf\u09ad\u09be\u09ac\u09be\u09a8&nbsp;\u09b0\u09be\u0981\u09a7\u09c1\u09a8\u09c0,&nbsp;\u09ac\u09bf\u09a8\u09be\u09ae\u09c2\u09b2\u09cd\u09af\u09c7&nbsp;\u0997\u09b0\u09ae&nbsp;\u0996\u09be\u09ac\u09be\u09b0,&nbsp;\u09ad\u09be\u09b2&nbsp;\u0995\u09cb\u09ae\u09cd\u09aa\u09be\u09a8\u09c0&nbsp;\u098f\u09ac\u0982&nbsp;\u09ac\u09bf\u09a8\u09cb\u09a6\u09a8&nbsp;\u0986\u099b\u09c7\u0964&nbsp;&nbsp;\u098f\u0996\u09a8\u0993&nbsp;\u09a8\u09bf\u09af\u09bc\u09c7&nbsp;\u09af\u09be\u0993\u09af\u09bc\u09be\u09b0&nbsp;\u09ae\u09a4\u09cb&nbsp;\u09aa\u09cb\u09b6\u09be\u0995&nbsp;\u09aa\u09be\u0993\u09af\u09bc\u09be&nbsp;\u09af\u09be\u09af\u09bc\u0964&nbsp;&nbsp;\u0986\u09ae\u09b0\u09be&nbsp;\u09ac\u09bf\u09a8\u09be\u09ae\u09c2\u09b2\u09cd\u09af\u09c7&nbsp;\u0993\u09af\u09bc\u09be\u0987-\u09ab\u09be\u0987&nbsp;\u0986\u099b\u09c7,&nbsp;\u098f\u09ac\u0982&nbsp;\u0986\u09ae\u09b0\u09be&nbsp;\u0986\u09aa\u09a8\u09be\u09b0&nbsp;\u0995\u09be\u099b&nbsp;\u09a5\u09c7\u0995\u09c7&nbsp;\u0995\u09bf&nbsp;\u099c\u09c0\u09ac\u09a8&nbsp;\u0995\u09b0\u09a4\u09c7&nbsp;\u09b8\u09be\u09b9\u09be\u09af\u09cd\u09af&nbsp;\u0995\u09b0\u09ac\u09c7&nbsp;\u09b6\u09c1\u09a8\u09a4\u09c7&nbsp;\u09b9\u09be\u09a4\u09c7&nbsp;\u09a5\u09be\u0995\u09ac\u09c7&nbsp;&#8211;&nbsp;\u098f\u09ac\u0982&nbsp;\u098f\u0987&nbsp;\u09b6\u09c0\u09a4\u0995\u09be\u09b2\u09c7&nbsp;&#8211;&nbsp;\u0986\u09aa\u09a8\u09be\u09b0&nbsp;\u099c\u09a8\u09cd\u09af&nbsp;\u09ad\u09be\u09b2!<\/p>\n\n\n\n<p>\u0986\u09ae\u09bf&nbsp;\u0986\u09b6\u09be&nbsp;\u0995\u09b0\u09bf&nbsp;\u0986\u09aa\u09a8\u09bf&nbsp;\u098f\u099f\u09bf&nbsp;\u0995\u09b0\u09a4\u09c7&nbsp;\u09aa\u09be\u09b0\u09c7\u09a8\u0964&nbsp;&nbsp;\u09af\u09a4&nbsp;\u09ac\u09c7\u09b6\u09bf&nbsp;\u0986\u09b8\u09ac\u09c7,&nbsp;\u09a4\u09a4\u0987&nbsp;\u0986\u09ae\u09b0\u09be&nbsp;\u09ae\u099c\u09be&nbsp;\u09aa\u09be\u09ac!<\/p>\n\n\n\n<p>\u09ac\u09be\u099a\u09cd\u099a\u09be\u09b0\u09be&nbsp;\u09ac\u09be\u09ac\u09be-\u09ae\u09be&nbsp;\u09ac\u09be&nbsp;\u0986\u0987\u09a8\u09c0&nbsp;\u0985\u09ad\u09bf\u09ad\u09be\u09ac\u0995\u09c7\u09b0&nbsp;\u09b8\u09be\u09a5\u09c7&nbsp;\u09b8\u09cd\u09ac\u09be\u0997\u09a4&nbsp;\u099c\u09be\u09a8\u09be\u09af\u09bc\u0964<\/p>\n","protected":false},"excerpt":{"rendered":"<p>Sponsored by North Northamptonshire Council. The Victoria Centre Warm Room takes place on Tuesdays 10-4. They have talented cooks, FREE HOT FOOD, good company and entertainment.\u00a0&#46;&#46;&#46;<\/p>\n","protected":false},"author":1,"featured_media":0,"parent":916,"menu_order":0,"comment_status":"closed","ping_status":"closed","template":"","meta":{"footnotes":""},"class_list":["post-927","page","type-page","status-publish","hentry"],"_links":{"self":[{"href":"https:\/\/wellingborough.org\/site\/wp-json\/wp\/v2\/pages\/927","targetHints":{"allow":["GET"]}}],"collection":[{"href":"https:\/\/wellingborough.org\/site\/wp-json\/wp\/v2\/pages"}],"about":[{"href":"https:\/\/wellingborough.org\/site\/wp-json\/wp\/v2\/types\/page"}],"author":[{"embeddable":true,"href":"https:\/\/wellingborough.org\/site\/wp-json\/wp\/v2\/users\/1"}],"replies":[{"embeddable":true,"href":"https:\/\/wellingborough.org\/site\/wp-json\/wp\/v2\/comments?post=927"}],"version-history":[{"count":3,"href":"https:\/\/wellingborough.org\/site\/wp-json\/wp\/v2\/pages\/927\/revisions"}],"predecessor-version":[{"id":932,"href":"https:\/\/wellingborough.org\/site\/wp-json\/wp\/v2\/pages\/927\/revisions\/932"}],"up":[{"embeddable":true,"href":"https:\/\/wellingborough.org\/site\/wp-json\/wp\/v2\/pages\/916"}],"wp:attachment":[{"href":"https:\/\/wellingborough.org\/site\/wp-json\/wp\/v2\/media?parent=927"}],"curies":[{"name":"wp","href":"https:\/\/api.w.org\/{rel}","templated":true}]}}